Let m(i) = -3*i + 2. Let d be (3 - 1)*10/4. Suppose -2*h - 10 = 5*y - 0, -d*y + 3*h - 10 = 0. What is m(y)?
8
Suppose 104*i = 12 - 428. Let k(q) = -5*q**2 - 7*q - 9. Determine k(i).
-61
Suppose 5*p + 3*n - 33 = 2*n, 25 = 5*p + 5*n. Let j(x) be the second derivative of x**4/12 - 4*x**3/3 - 4*x**2 - 26858*x. Give j(p).
-15
Let a(j) = j - 1 - 5*j + 7*j. Suppose 0 = z - 58 + 55. What is a(z)?
8
Let x(b) = b - 4*b - 2 - 2*b. Let q(u) = u**2 - 34*u - 285. Let a be q(-7). Calculate x(a).
-12
Let y(z) = -z**3 - 10*z**2 - 6*z - 58. Let i = -1878 + 1868. Calculate y(i).
2
Let i(t) be the third derivative of t**6/120 - t**5/10 - 29*t**4/24 + 7*t**3/6 - 7*t**2 + 561*t. Give i(9).
-11
Let a(q) = -q + 3 - 10 - 7. Suppose -2*p = 117 + 211. Let r = p - -164. Calculate a(r).
-14
Let m(j) = -6*j + 20 - j**2 + 26 - 19*j - 5 - 11. Calculate m(-27).
-24
Let h(z) be the first derivative of 9*z**2/2 + 47*z - 33. Let q be h(-5). Let i(j) = -31*j**2 + 59*j**q - 17*j**2 - j. Calculate i(1).
10
Let b(t) = t**3 - 14*t**2 - 13*t - 30. Let j be b(15). Let q be (-6)/4*8/(-6). Let m(w) = 3*w**2 + w**2 + 5 - 3*w**q. Calculate m(j).
5
Let i(a) be the third derivative of a**5/60 - a**4/2 + 8*a**3/3 + 16*a**2. What is i(10)?
-4
Let x(t) = -t - 6. Let h = 78 + -75. Suppose -71 = -h*i - 80. Calculate x(i).
-3
Suppose -4 = -b + 3*r - 10, 4*r - 24 = -4*b. Let x be b/(15/40) + -4. Let k(h) = -6 + x - 2*h + 4*h. Determine k(4).
6
Let m(v) = -v**3 - 22*v**2 - 43*v - 25. Let u(w) = -740*w - 760. Let z be u(-1). Determine m(z).
35
Let m(w) be the first derivative of -w**4/4 - 3*w**3 + w**2/2 + 12*w - 1421. Let s = -27 - -18. Calculate m(s).
3
Let r = -21419 + 21413. Let x(v) = 25*v + 160. Calculate x(r).
10
Let i(b) = 14*b**3 - 12*b**2 + 116*b - 61. Let o(m) = -3*m**3 + 2*m**2 - 23*m + 15. Let h(n) = 4*i(n) + 19*o(n). Give h(-12).
5
Let b(w) = 2*w**2 + 5*w - 2. Let u(k) = -k**2 + 2*k + 45. Let j be u(8). Calculate b(j).
1
Let q = -2365 + 2357. Let d(a) = 4*a - 4. Determine d(q).
-36
Let c be (-46)/10 + -4 + (-54)/(-15). Let q(t) = -405*t + 36. Let y(f) = -143*f + 12. Let p(w) = -6*q(w) + 17*y(w). Give p(c).
-7
Let m(o) = -4*o + 3*o + 0*o - 42*o**3 + 29838*o**2 - 29839*o**2. Give m(-1).
42
Let b(v) = -v**3 - 4*v**2 + 5*v + 1. Let t be (-42)/(-6) + 12/((-12)/4). Suppose -t*x = y - 4, 0 = -5*y + 5*x - 10*x - 10. Calculate b(y).
1
Let b(l) = -2*l - 7. Let n(f) = f + 2. Suppose 32*w - 34*w = -4. Let s(a) = w*b(a) + 5*n(a). Give s(9).
5
Let z be -1 - (-119)/(-9) - (-20)/90. Let a = z + 12. Let k(t) = -2 + 2 - 5*t + 12*t - 2. Give k(a).
-16
Let m(x) = -x**2 + 1. Let j(k) = -3*k**2 + 8*k - 2. Let a(w) = j(w) - 2*m(w). Let v(r) = -11 + 4 + 2 + 8 - r. Let p be v(-5). What is a(p)?
-4
Let c(w) = -w**2 + 25*w + 10. Let y be c(25). Let h(s) = 3 + 4*s + y - 17 + 5. Give h(-2).
-7
Let l(o) = -o**3 + 41*o**2 + 336*o. Let d(x) = -6*x**3 - 119*x**2 + 146*x + 27. Let c be d(-21). Give l(c).
0
Let a(f) = f**3 - 6*f**2 + 4*f + 1. Let x(r) = -22*r - 17. Let s = 263 - 264. Let o be x(s). Give a(o).
-4
Let f(b) be the second derivative of 1/2*b**2 + 1/6*b**3 + 6*b - 5. Let y be (-8)/6 + 1/3. Give f(y).
0
Suppose d + q = 6*q + 27, -3 = -4*d - q. Let g(z) = -4 + 2*z**d - 856*z**3 + 863*z**3 + 5 - 2*z. Determine g(1).
8
Let c(w) be the third derivative of -w**6/720 + w**5/40 + 121*w**4/24 + 124*w**2 - 1. Let f(r) be the second derivative of c(r). Calculate f(13).
-10
Let l(n) be the second derivative of -n**5/20 + 49*n**4/12 - 23*n**3 + 2*n**2 - 2774*n. Determine l(46).
4
Let d(u) = 24*u - 8. Let c(x) = -12*x + 5. Let l(z) = -5*c(z) - 3*d(z). Let n be l(-1). Let k(m) = m**2 - 12*m + 5. Give k(n).
-6
Let x(k) = -6*k**2 + 29*k + 5. Suppose 21*o - 25 - 6 = 74. What is x(o)?
0
Let s(q) be the first derivative of -36 + 1/4*q**4 + 1/2*q**2 - 7*q + 0*q**3. What is s(0)?
-7
Let s(b) = 8*b + 14. Let d(u) = -7*u - 12. Suppose -4*j + n + 28 = 0, 0 = 3*j + 2*j + n - 26. Let q(k) = j*d(k) + 5*s(k). Determine q(-3).
4
Let c(f) = -f**3 + 8*f**2 + 5*f - 6. Let h(p) = 2*p**3 - 18*p**2 + 71*p - 117. Let n be h(4). What is c(n)?
78
Let l(s) = -s**2 + 9*s - 8. Suppose 3*p - 6 = 3*o, -2*o + 4*p + 0 - 8 = 0. Suppose o = -7*i - 4 + 46. Calculate l(i).
10
Let u(l) = 2*l**2 + 10*l - 14. Let r(p) = -39*p + 306. Let n be r(8). Calculate u(n).
-2
Let u(q) = -6*q - 161. Let f be u(-26). Let v(y) = y**3 + 11*y**2 + 28*y - 1. Let l be v(f). Let z(s) = 2*s + 4. Calculate z(l).
22
Let j(i) be the third derivative of -7/2*i**3 + 0 + 0*i - 8*i**2 - 1/6*i**4 + 1/120*i**5. Let c(w) be the first derivative of j(w). Give c(0).
-4
Suppose -5*i - 4*l = 21, -2*i - i - 11 = 2*l. Let f(k) = 13*k + 42*k + 31*k - 65*k. What is f(i)?
-21
Let g(n) = 36*n**2 - 19*n + 6 - 37*n**2 - 44 - 47. Determine g(-11).
3
Let x(z) = -11*z**2 + 8*z - 4. Let f be (-16)/32 + -4*20/(-32). Determine x(f).
-32
Let s(n) = 531*n - 1605. Let w be s(3). Let g(z) = -z**3 - 12*z**2 - 3*z - 36. Give g(w).
0
Let f(c) be the third derivative of c**8/4032 - c**7/5040 + c**6/720 - c**5/6 + 17*c**2 - 3*c. Let y(z) be the third derivative of f(z). Give y(1).
5
Suppose -3*p + 12*p + 1773 = 0. Let g = 204 + p. Let x(s) = 2*s - 8. Give x(g).
6
Suppose 5*o = -2 - 3. Let i(c) be the second derivative of 1/2*c**2 + 0 - 1/6*c**3 + 12*c. What is i(o)?
2
Let o(d) = 8*d - 27. Let n be (0 + -1)/((-9)/(-30) + (-4)/8). What is o(n)?
13
Let j(g) = 23*g + 4 + 39 + 13*g + 16*g - 42*g. Calculate j(-5).
-7
Let z = -2996 - -5871. Suppose z = 8*y - 2829. Let r(b) = 2*b - b + 711 - y. Give r(2).
0
Suppose 13*u - 76 = -50. Let o(d) = -6*d**2 + 5*d - 1. What is o(u)?
-15
Let m(j) be the second derivative of 3/2*j**3 - 7/2*j**2 + 2 + 1/20*j**5 - 2/3*j**4 + 36*j. Give m(6).
-25
Let d(t) = t - 3. Let j(o) = -12*o - 10. Let w(n) = 11*n + 11. Let r(g) = -5*j(g) - 4*w(g). Let k(c) = 12*d(c) - r(c). What is k(-12)?
6
Let o(q) = -6*q**3 + 10*q**2 + 5*q + 11. Let a = 181 + -179. Let y(w) = w**3 - 2*w**2 - w - 2. Let h(r) = a*o(r) + 11*y(r). Calculate h(-1).
0
Let z be (2 - (-5)/(-2))*0. Let l(n) = 6*n + z*n + 2 - n**3 - n**2 - 5*n. Suppose 8*r + 48 = -16*r. What is l(r)?
4
Let r(c) be the first derivative of c**3/3 + 20*c**2 + 381*c + 14921. Calculate r(-24).
-3
Let d(s) = -5*s + 2*s - 211 + 0*s + 524 - 263. Give d(17).
-1
Let z(t) = -t**3 - 11*t**2 - 18123*t + 18124*t - 8 + 2*t**3. Calculate z(11).
3
Let d(j) = j**2 + 14*j + 53. Let r be d(-8). Let l(u) = 5*u + 14. What is l(r)?
39
Suppose -11*l - 10 = -16*l. Let r(i) = 63 - 125 + 62 - i**l + i. Let w(s) = -4*s + 1. Let o(m) = r(m) + w(m). Determine o(-3).
1
Let r(p) = -3*p**2 - 12*p - 17. Let c(v) = 544*v + 1084. Let z be c(-2). Determine r(z).
-17
Let a be (3 - 39/12) + 4/16. Suppose -g + 4*m - 19 = 0, a*m = -3*m + 15. Let i(v) = -1 + g + 3 + 4 + 2*v. Calculate i(-5).
-3
Suppose -71*n = -75*n + 24. Let j(g) = 11*g**2 + 19*g + 6. Let s(a) = -5*a**2 - 9*a - 3. Let y(v) = n*j(v) + 13*s(v). What is y(3)?
-3
Let w(t) be the second derivative of 0*t**3 + 0*t**2 + 1/60*t**5 - 10*t - 19/12*t**4 + 0 - 1/360*t**6. Let l(k) be the third derivative of w(k). Determine l(3).
-4
Let u(f) be the first derivative of -f**5/20 + f**4/2 - 5*f**3/6 + 7*f**2/2 - 47*f + 5. Let n(m) be the first derivative of u(m). Calculate n(5).
7
Let v(g) = g**2 - 5*g - 1. Let o be v(6). Suppose -2*x = -o*x. Let l(d) be the first derivative of -d**3/3 - d**2/2 + 3*d - 25. Calculate l(x).
3
Let h(m) = -m - 1. Let r(o) = 2. Let y(f) = f - 1. Let z(j) = 3*r(j) + 2*y(j). Let t(i) = 3*h(i) + 2*z(i). Calculate t(-9).
-4
Let c(k) = -32*k - 7 + 72*k - 39*k + 0 + 0. Let z be 28/6*(-72)/(-42). Determine c(z).
1
Let j = -28 - -32. Suppose -4*x = 4, j*a + 2*x = -3*x + 7. Suppose -5 = -5*l - v, -a*l - 9 = v + 2*v. Let u(i) = -3*i**2 + 3*i. Calculate u(l).
-6
Let t(m) = 9*m**3 + 3*m**2 + 11*m + 4. Let b(c) = 11*c**3 + 2*c**2 + 12*c + 5. Let v(d) = 4*b(d) - 5*t(d). Suppose o - 24 = 5*o. Determine v(o).
6
Let i(f) be the second derivative of -f**4/12 - 3*f**3/2 + 2*f**2 + 3*f. Suppose -18*w - 64 = -10*w. Determine i(w).
12
Suppose 0 = 35*o - 64*o + 58. Let u(b) = -2*b**3 + b**2 + 3*b + 1. Give u(o).
-5
Suppose 6*n + 27*n + 7*n = -120. Let u(t) = 3*t**2 + 12*t + 9. Give u(n).
0
Let n(p) = p**3 - 9*p**2 + 12*p + 12. Let s be n(7). Let v(t) be the first derivative of -t**4/4 - t**3/3 + 3*t**2/2 + 3*t + 18. Determine v(s).
